
What is the greatest common factor of 51 and 10557?
51
Calculate the highest common divisor of 21867 and 111.
111
What is the greatest common factor of 855 and 315?
45
Calculate the greatest common divisor of 184 and 108.
4
Calculate the greatest common factor of 30 and 390.
30
Calculate the greatest common factor of 2147 and 1243.
113
Calculate the highest common divisor of 732 and 24.
12
Calculate the greatest common factor of 78 and 208.
26
What is the greatest common factor of 2624 and 1148?
164
What is the greatest common factor of 108 and 297?
27
What is the highest common divisor of 1 and 139?
1
What is the greatest common factor of 19 and 19?
19
What is the greatest common divisor of 143 and 26?
13
Calculate the highest common factor of 1167 and 14393.
389
Calculate the highest common factor of 429 and 78.
39
Calculate the highest common factor of 34 and 1258.
34
What is the greatest common divisor of 65427 and 339?
339
Calculate the highest common divisor of 18 and 261.
9
Calculate the highest common divisor of 781 and 142.
71
What is the greatest common divisor of 1825 and 146?
73
Calculate the highest common factor of 19 and 23313.
19
Calculate the greatest common divisor of 638 and 696.
58
Calculate the greatest common factor of 312 and 1752.
24
What is the greatest common divisor of 520 and 25?
5
What is the highest common factor of 740 and 620?
20
Calculate the highest common divisor of 99 and 1.
1
What is the highest common factor of 264 and 286?
22
Calculate the highest common factor of 7935 and 90.
15
What is the highest common divisor of 3 and 3327?
3
What is the greatest common factor of 340 and 255?
85
Calculate the highest common divisor of 2 and 254.
2
Calculate the highest common divisor of 8477 and 294.
49
What is the greatest common factor of 5 and 8?
1
What is the highest common divisor of 5 and 205?
5
Calculate the highest common factor of 777 and 231.
21
Calculate the greatest common divisor of 37 and 6438.
37
Calculate the greatest common factor of 4890 and 30.
30
What is the greatest common divisor of 405 and 3321?
81
What is the highest common factor of 51 and 1207?
17
What is the greatest common factor of 156 and 60?
12
Calculate the highest common factor of 33 and 22583.
11
Calculate the greatest common divisor of 45 and 48.
3
Calculate the greatest common divisor of 3182 and 999.
37
Calculate the highest common divisor of 99 and 288.
9
Calculate the highest common divisor of 702 and 1248.
78
Calculate the greatest common factor of 22 and 308.
22
What is the highest common factor of 112 and 3584?
112
What is the greatest common factor of 35 and 1295?
35
Calculate the greatest common divisor of 195 and 520.
65
Calculate the greatest common factor of 2449 and 79.
79
What is the greatest common factor of 12 and 1872?
12
Calculate the highest common factor of 108 and 486.
54
Calculate the highest common divisor of 256 and 1376.
32
Calculate the greatest common divisor of 32710 and 10.
10
Calculate the highest common divisor of 183 and 42.
3
Calculate the highest common divisor of 169 and 481.
13
What is the greatest common factor of 5176 and 32?
8
What is the greatest common factor of 52 and 195?
13
Calculate the greatest common factor of 190 and 152.
38
Calculate the greatest common divisor of 286 and 52.
26
What is the highest common factor of 200 and 50?
50
Calculate the highest common divisor of 29 and 145.
29
Calculate the greatest common divisor of 584 and 438.
146
Calculate the highest common factor of 19738 and 278.
278
What is the greatest common divisor of 2250 and 22050?
450
Calculate the greatest common divisor of 12 and 1686.
6
Calculate the greatest common factor of 1200 and 75.
75
What is the highest common factor of 115482 and 114?
114
Calculate the highest common factor of 495 and 135.
45
Calculate the greatest common factor of 344 and 2.
2
Calculate the greatest common factor of 416 and 572.
52
What is the greatest common factor of 128 and 2?
2
Calculate the highest common divisor of 500 and 20.
20
What is the greatest common factor of 60 and 48?
12
Calculate the greatest common divisor of 6 and 81.
3
What is the greatest common factor of 3230 and 1020?
170
What is the greatest common divisor of 602 and 14?
14
What is the greatest common factor of 45045 and 91?
91
Calculate the highest common factor of 144 and 64.
16
What is the highest common factor of 5796 and 46?
46
What is the greatest common divisor of 21 and 525?
21
Calculate the highest common factor of 117 and 27.
9
Calculate the greatest common divisor of 2308 and 4.
4
Calculate the greatest common factor of 140 and 10080.
140
Calculate the highest common divisor of 8099 and 26.
13
Calculate the greatest common factor of 90 and 1290.
30
What is the greatest common divisor of 24 and 1116?
12
Calculate the greatest common factor of 380 and 20.
20
What is the greatest common factor of 2 and 25?
1
What is the highest common divisor of 84 and 49?
7
Calculate the greatest common divisor of 10063 and 29.
29
What is the highest common divisor of 2812 and 148?
148
Calculate the highest common divisor of 19061 and 98.
49
Calculate the highest common divisor of 80 and 100.
20
What is the highest common factor of 1406 and 37?
37
What is the greatest common factor of 217 and 7?
7
What is the greatest common divisor of 4194 and 18?
18
What is the greatest common factor of 12 and 24?
12
What is the highest common factor of 1232 and 560?
112
Calculate the greatest common factor of 640 and 672.
32
What is the greatest common divisor of 2821 and 3038?
217
What is the greatest common divisor of 47 and 893?
47
What is the greatest common divisor of 735 and 480?
15
Calculate the greatest common divisor of 261 and 58.
29
What is the highest common factor of 1507 and 11?
11
Calculate the greatest common factor of 234 and 126.
18
Calculate the highest common divisor of 20 and 1280.
20
What is the highest common factor of 966 and 42?
42
Calculate the greatest common factor of 32 and 21696.
32
Calculate the greatest common divisor of 135 and 54.
27
What is the greatest common factor of 28 and 68?
4
What is the highest common factor of 17214 and 114?
114
What is the greatest common factor of 1755 and 3375?
135
Calculate the greatest common divisor of 462 and 1022.
14
Calculate the highest common divisor of 224 and 63.
7
Calculate the greatest common factor of 15543 and 11.
11
What is the greatest common factor of 4 and 4?
4
What is the highest common divisor of 6 and 540?
6
Calculate the greatest common factor of 20 and 1720.
20
What is the highest common divisor of 30 and 30?
30
What is the greatest common factor of 915 and 61?
61
What is the greatest common divisor of 292 and 8?
4
What is the highest common divisor of 3003 and 377?
13
Calculate the highest common factor of 96 and 156.
12
Calculate the greatest common divisor of 138 and 92.
46
What is the highest common divisor of 500 and 1040?
20
What is the greatest common factor of 176 and 55?
11
What is the highest common divisor of 45 and 81?
9
What is the greatest common factor of 30 and 6730?
10
What is the highest common divisor of 11 and 2959?
11
Calculate the greatest common divisor of 66 and 440.
22
What is the greatest common divisor of 304 and 272?
16
What is the highest common factor of 55 and 95?
5
What is the highest common factor of 74 and 37?
37
What is the highest common factor of 168 and 696?
24
What is the greatest common divisor of 221 and 136?
17
What is the highest common factor of 756 and 308?
28
What is the highest common factor of 16 and 368?
16
What is the highest common divisor of 6 and 218?
2
What is the greatest common divisor of 14 and 2?
2
What is the greatest common divisor of 56 and 184?
8
What is the greatest common factor of 5 and 1775?
5
Calculate the greatest common factor of 150 and 15450.
150
What is the greatest common factor of 864 and 27?
27
Calculate the highest common factor of 14 and 1106.
14
Calculate the greatest common divisor of 679 and 49.
7
Calculate the highest common factor of 450 and 50.
50
What is the greatest common factor of 30 and 375?
15
What is the highest common factor of 60 and 400?
20
What is the highest common divisor of 175 and 280?
35
What i